 Let k(o) = o**2 + 5*o + 1. Let a be k(-5). Let c be (2 - a - 3)/(-2). Let v(j) = c*m(j) + 3*h(j). Calculate v(2).
3
Let q(l) be the first derivative of l**2 + 13*l - 176. Determine q(-6).
1
Let q(m) = -m**2 - 3*m + 3. Let b be q(-3). Suppose 0 = -2*k + b + 13. Let j(w) = -7 + 7*w**2 + 8 + w**3 - k*w**2 + 13. What is j(0)?
14
Let a(r) = r**3 - r**2 - 3*r + 3. Suppose 5*m = -18*b + 14*b - 17, 2*b - 5*m = 29. Give a(b).
1
Let p(k) be the second derivative of 0 - 1/20*k**5 + 1/2*k**4 - 7/6*k**3 + 5/2*k**2 + 26*k. Calculate p(4).
9
Let w(k) = 11*k**2 + 88*k + 21. Let g(n) = -7*n**2 - 57*n - 14. Let l(b) = 8*g(b) + 5*w(b). Calculate l(-15).
8
Let w(r) be the third derivative of r**6/120 - r**5/20 + r**4/24 + 2*r**3/3 - 35*r**2 + 1. Calculate w(3).
7
Suppose -32 = -92*w + 124*w. Let a(o) be the third derivative of 2*o**5/15 - o**2. Give a(w).
8
Let f(k) = -k + 4. Let a(v) = v**2 - 26*v + 79. Let s be a(22). What is f(s)?
13
Let y(w) be the third derivative of -w**4/24 + 7*w**3/3 - 67*w**2 + w. Calculate y(7).
7
Let a(r) = -r + 1. Let c(q) = -5*q + 6. Let m(d) = 9*d - 12. Let b(k) = 7*c(k) + 4*m(k). Suppose -70*s + 3 = -69*s. Let i(y) = s*a(y) + b(y). Give i(-3).
3
Let k(c) = 2*c**2 - 8*c + 1. Let q(x) = -3*x**2 + 9*x - 1. Suppose -3*w + u + u = 17, -5*w - 3*u = 22. Let t(f) = w*k(f) - 4*q(f). What is t(-3)?
5
Let y(x) = x**3 - 26*x**2 + 27*x - 67. Let z be y(25). Let v(r) = -r**2 - 19*r - 19. What is v(z)?
15
Let z(n) = 2*n + 7. Let g be z(-3). Let r(v) = -18*v - 1. Calculate r(g).
-19
Let m(q) = 2*q - 1. Suppose -k - 5 = 0, -7*u + 3*k = -5*u - 25. Give m(u).
9
Let i(n) be the first derivative of -8*n**2 + 18*n**2 - 4 - 13*n**2. Let o = -12 - -11. Determine i(o).
6
Let r(w) be the second derivative of w**5/20 + 3*w**4/4 + 7*w**3/6 - w**2 + 33*w - 2. What is r(-8)?
6
Let k(j) = 4*j**3 + 2*j**2 - 1. Let p be k(1). Let b(z) = -p - 1042*z + 1044*z + 3. Determine b(-4).
-10
Let a be (-2)/(-3) - (-20)/6. Suppose y + 4*y + 16 = -2*x, -4*x - y = -a. Let q(n) = 3*n**2 - 1. What is q(x)?
11
Let a(k) = -k**3 - 6*k**2 - 2*k - 4. Suppose 248 = 5*y + 278. What is a(y)?
8
Let y(s) = s**3 + 4*s**2 - 3*s. Let x(z) = z**3 - 8*z**2 + 3*z - 20. Let w be x(8). Let q be -4 + (1 - -2) - w. Give y(q).
-10
Let y(q) = 5*q**3 - q**2 - q. Let k be (70/4)/(-7)*-2. Suppose -c - 10 + 30 = -5*p, 0 = -k*p - 25. Let l = c + 4. Calculate y(l).
-5
Let j(z) = 5*z**3 - 2*z**2 - 6*z + 3. Let w(q) = -9*q**3 + 4*q**2 + 11*q - 6. Let r = 466 + -463. Suppose 5 = 5*d - 20. Let m(h) = d*j(h) + r*w(h). Give m(2).
-5
Let x(u) = -u**3 - 9*u**2 + 2*u + 19. Let b be x(-9). Let r(d) = -b - d**3 - 101*d + 103*d - 5*d**2 + 2. Give r(-5).
-9
Let q = 6 + -3. Suppose -2*m = -4*b + 3*m + 283, 9 = -3*m. Let x(r) = 70*r**2 + r - b*r**2 - r**3 - 3*r. What is x(q)?
-6
Let r(d) = -2 + 0*d + d - 2 - 2*d + 2*d. Suppose -3*m = -m. What is r(m)?
-4
Let n(y) be the first derivative of 2*y**3/3 - 159. What is n(-1)?
2
Let t(d) = -2*d + 15. Let s = -238 + 247. Determine t(s).
-3
Let d(f) = -2*f**2 - f - 3. Let s(k) be the third derivative of k**5/60 + k**4/24 + k**3/3 - 14*k**2. Let u = 33 - 28. Let v(t) = u*s(t) + 3*d(t). Give v(4).
-7
Let g(o) = -o**2 - o - 32. Let n(t) = -4*t**2 - 3*t - 98. Let i(p) = 7*g(p) - 2*n(p). Calculate i(0).
-28
Let a(g) = -17*g + 2. Let s(n) = -2*n. Let z(q) = -3*a(q) + 24*s(q). Give z(4).
6
Suppose 0 = 3*k + 18 - 30. Let u(w) = 8*w - 5*w - k*w + 7 - 17. Determine u(-7).
-3
Suppose -25*l - 15*l + 80 = 0. Let q(h) be the first derivative of -h + 5 + h**l + 8/3*h**3. Determine q(1).
9
Let f(n) be the third derivative of -1/6*n**4 + 23*n**2 - 1/60*n**5 + 0*n + 0 - 2/3*n**3. What is f(-4)?
-4
Let r(u) = u - 4. Let d be r(11). Let s be (0 + -1)/(d/(-553)). Let l(j) = -3*j**2 - 2*j - 78 + j**2 + s. Determine l(-2).
-3
Suppose 6*f - 12*f = -18. Let y(j) = 3*j**2 - 3*j + f + 7*j**3 - 9*j**3 + 0*j. Calculate y(2).
-7
Let z(s) = -6*s + 5. Let k be z(5). Let m = -16 - k. Let t(f) = f**3 - 9*f**2 + f - 2. Calculate t(m).
7
Let n(y) = -y**3 - y**2 + 3*y + 1. Let v(g) = g**2 + 3*g - 8. Suppose -r - 20 = 3*r. Let s be v(r). Suppose 0 = s*j + j + 6. Calculate n(j).
-1
Let y = 57 + -55. Let u = -3 - -8. Let a(z) = -u - 4*z + 6*z + 2. Give a(y).
1
Let q(u) = u - 3. Let m = 6 - 7. Let k(t) = 1. Let y(j) = m*q(j) - 5*k(j). Suppose 5*o = -4 - 11. Calculate y(o).
1
Suppose 2 = d, 0*d + d = a + 6. Let i(q) = -q**2 - 12*q - 1. Let y(u) = -u. Let k(z) = a*y(z) + i(z). Suppose 0*o - 3*o - 18 = 0. Give k(o).
11
Let u(q) = 4*q - 7*q - 2 - q + 0. Let p(y) = -8*y**2 + 160*y - 2. Let c be p(20). What is u(c)?
6
Let a(y) = 9*y - 1. Let n = -191 - -187. Give a(n).
-37
Suppose 2*p - 5*j = -0 + 20, -4*j = p + 16. Let y(c) = 6*c**2 + p*c**3 + 193*c - 3 - 191*c - c**3. Calculate y(6).
9
Let q(n) = -7*n - 1. Let l(p) = 13*p + 1. Let j(v) = -6*l(v) - 11*q(v). Give j(6).
-1
Let a(u) = -5*u**3 - u**3 + 6*u + 5*u**3 - 11*u + 14*u**2 - 7*u + 3. Determine a(13).
16
Let h(u) = u**3 - u - 1. Let z(t) = 11*t - 3. Let p be z(-6). Let x = 103 + p. Suppose -1 = 35*r - x*r. Give h(r).
-1
Let f(q) = -q - 2. Let w(a) = -a. Let z(y) = -f(y) + 2*w(y). Let g be 24/(-16)*70/(-15). Determine z(g).
-5
Let z(n) = n**3 - 6*n**2 + n - 7. Let v be (-70)/(-12) + (-5 - 31/(-6)). Calculate z(v).
-1
Let s(u) = 4*u - 5. Let t(q) = -9*q + 10. Let b(z) = 5*s(z) + 2*t(z). Let o(p) = p**3 + p**2 - 27*p + 38. Let j be o(2). What is b(j)?
-13
Suppose 0 = 4*f - 3*v - 90, 3*f - v - 55 = -5*v. Let p(b) = -5 + b**2 + f*b - 14*b - 3*b**2 + b**2. What is p(6)?
1
Suppose -3*s - 3*p + 4*p + 7 = 0, 5*s - 2*p = 11. Let v(k) be the second derivative of -k**5/20 + k**4/4 - 5*k**3/6 + 2*k**2 - 24*k. What is v(s)?
-11
Let v(u) be the first derivative of -u**4/4 - 4*u**3/3 - u**2/2 + 3*u + 3. Suppose -71*f + 12 = -75*f. Give v(f).
-3
Let y(f) = -10*f**2. Suppose 2*o + v = 3*o - 2, 2*v + 7 = 3*o. Suppose 4*m - 7*m = -o. Give y(m).
-10
Let u(q) be the first derivative of -q**4/4 - 2*q**3/3 + q**2 + 2*q + 21. Determine u(2).
-10
Let u(q) = -q**3 - 6*q**2 - q - 2. Let z = 4 + -10. Give u(z).
4
Let j(r) be the first derivative of 5*r**4 - r**2 + r + 5. Let w be 1/4*40/10. What is j(w)?
19
Let o(i) be the first derivative of i**4/4 - 7*i**3/3 + 3*i**2 + 5. What is o(6)?
0
Let f(v) be the second derivative of -28*v + 0 - 1/3*v**3 - 3/2*v**2. Let k(b) = -2*b**2 - 2*b - 1. Let a be k(-2). What is f(a)?
7
Let a be -6 - -2*20/8. Let o(m) be the third derivative of 7*m**4/24 - 13*m**2. Determine o(a).
-7
Let j(r) = 0*r + r**2 + 2*r - 2*r**2. Suppose 5*g - 88 = -4*m, -34 = -2*g - m - 0*m. Suppose -5*y + 35 = 5*x, 2*x + 0*x - 4*y + g = 0. What is j(x)?
0
Let r(t) = t**3 + t**2 - t + 15. Let b be 5/10*2*3. Let v(z) be the first derivative of -z**3/3 + 3*z**2/2 + 38. Let p be v(b). Give r(p).
15
Let t(i) = -i**3 - 7*i**2 - 6*i + 6. Suppose 0 = 4*j - 13*x + 12*x + 15, 2*j + 2*x + 20 = 0. Give t(j).
-14
Let i(l) be the second derivative of l**4/24 - 2*l**3/3 - l**2/2 + 2*l. Let t(g) be the first derivative of i(g). Let a = -190 - -197. Give t(a).
3
Let w(v) = v**2 - 3*v - 5. Let n be (65/(-10) + 6)*(-22)/1. Suppose -7 = -k - n. What is w(k)?
23
Let x(j) = -3*j**2 - 31*j - 68. Let d(b) = 4*b**2 + 32*b + 69. Let f(n) = -4*d(n) - 5*x(n). Let q be f(29). Let w(t) = t**3 - 6*t**2 - t - 6. Give w(q).
-12
Let d(m) = 2*m**2 + m - 3. Let j(q) = -2 + 10*q + 5*q**2 - 12*q - 2*q**2. Let h be j(-1). Calculate d(h).
18
Let r(x) = x**2 - 1. Let o(v) = 3*v**2 + 4*v - 2. Let u(s) = o(s) - 4*r(s). Determine u(4).
2
Let o be ((-12)/7)/((-54)/14 + 4). Let s(p) = -p - 1. Give s(o).
11
Let n(t) = -5*t**2 + 19*t - 9. Let j(k) = -k**2 + k - 2. Let v(d) = -6*j(d) + n(d). Determine v(-12).
-9
Let s = 886 - 881. Let d(o) be the third derivative of 1/60*o**s + 5/6*o**3 - 11*o**2 + 3/8*o**4 + 0 + 0*o. Give d(-6).
-13
Let b(n) = -n - 18. Let h(p) = -5 + 15 - 8. Let i(r) = 2*b(r) + 18*h(r). What is i(-1)?
2
Let k(v) = v**2 + v + 4. Let s = -112 - -112. Determine k(s).
4
Let l be 298/25 + (-46)/(-575). Let q(x) = -x**2 + 10*x + 17. Give q(l).
-7
Let r(s) be the second derivative of s**5/20 - 4*s**4/3 + s**3/6 - 2*s**2 + 3*s + 33. Calculate r(16).
12
Let r(n) = -n - 13. Let m(q) = -q**2 + 125*q + 642. Let p be m(-5). Give r(p).
-5
Suppose 5*v = -0*v + 540. Let r be (-24)/v + (-130)/(-18). Let m(w) = -2*w - 2. Give m(r).